0. Let v = 58 - u. Suppose 0 = -5*s + 3*s - 6, 5*x - 5*s - v = 0. What is the units digit of x?
2
Let q(u) = -27*u - 3. What is the hundreds digit of q(-5)?
1
Let x be (8 - 2) + (-1 - 0). Suppose 0 = x*u - 20, u = -b - 3*b + 100. What is the tens digit of b?
2
Let d = -6 - -17. What is the units digit of d?
1
Let y(f) = 7*f**2 + f - 3. Let t(m) = m**2 + m - 1. Let b(h) = 6*t(h) - y(h). Suppose 4*s = 4*n - 20, -3 = -4*s - 7. What is the units digit of b(n)?
1
Let r(t) = t**3 - 15*t**2 + 3*t - 23. What is the tens digit of r(15)?
2
Let t(d) = 5*d**2 + 1. What is the units digit of t(-1)?
6
Suppose 2*d - 4*n = -3*d, -4*n = 20. Let s = -3 - d. What is the units digit of s?
1
Suppose 25 + 14 = z. Suppose j = 4*j - z. What is the tens digit of j?
1
What is the tens digit of (1 - -158)*(-5)/(-15)?
5
Let c be ((-3)/5)/(3/(-15)). Suppose c*l - 20 - 85 = 0. What is the units digit of l?
5
Let g(h) = h**2 + 4*h - 3. Let i be g(-4). Suppose -10 + 5 = -z. Let s = i + z. What is the units digit of s?
2
Let g = 6 + -3. Suppose -2*y + 3*o - g = 0, 0*o - o + 1 = y. Suppose s = 4*t - y*t + 10, -t = s. What is the units digit of s?
2
Let w(n) = n**2 + n + 1. What is the units digit of w(-4)?
3
Let o(y) = 9*y**2 + 3*y - 10. What is the tens digit of o(6)?
3
Let z be 0/((-2)/(-2)) - 1. Let g be ((-5)/10)/(z/4). Suppose -g*s = -5*s + 48. What is the tens digit of s?
1
Let m(f) = f**3 + 7*f**2 + 1. Let d be m(-7). Let r = d - -3. Let g = 7 - r. What is the units digit of g?
3
Let n(l) = l**2 + 6*l + 4. Let u be n(-6). Suppose u*x - 66 + 2 = 0. What is the units digit of x?
6
What is the units digit of -158*(-5)/10 + -3?
6
Let s be (0/(-1*4))/(-1). Suppose s = -5*i + 30 + 100. What is the units digit of i?
6
Let s be (-2)/(-7)*(2 + 5). Suppose -4*i - 14 = 4*d - 6, -13 = -i + 4*d. Let m = s - i. What is the units digit of m?
1
Let w = -5 + 55. Let k be w/18 + 6/27. Suppose 2*n - 4*y = 30, 5*n + k*y - 30 = -2*y. What is the units digit of n?
9
Suppose 2*y - 108 = -4*v, 6 = -5*v + 1. What is the units digit of y?
6
Suppose 360 = 3*u + 3*u. What is the tens digit of u?
6
Suppose 38 = m + m. Let x = m - 10. What is the units digit of x?
9
Suppose -4*m = -0*m - 16, -5*z = -m + 24. Let o be 1 + 0 + -1*8. Let t = z - o. What is the units digit of t?
3
Let s = 84 - 51. Suppose -5*b + s = 5*p - 27, -3*p - 2*b + 34 = 0. What is the units digit of p?
0
Suppose -43 = 4*v - 243. What is the tens digit of v?
5
Let m(k) be the first derivative of k**2/2 - 3*k - 1. What is the units digit of m(5)?
2
Let f = 38 + -16. Suppose f = 5*k - 13. What is the units digit of k?
7
Let h(w) be the third derivative of w**4/24 - 2*w**3/3 - 2*w**2. Let i be h(-6). Let v = -4 - i. What is the units digit of v?
6
Suppose -4*m = -7*m + 180. Let g = m - 12. What is the tens digit of g?
4
Let s(o) = o**2 + 4*o + 6. Suppose q + 0*q + 15 = -2*p, 2*p - 15 = 5*q. What is the tens digit of s(p)?
1
Let v(m) be the second derivative of m**4/12 + m**3/3 - 3*m**2/2 - 2*m. What is the tens digit of v(3)?
1
Suppose 19*t = 8*t + 1947. What is the units digit of t?
7
Suppose v + 1 = 9. Suppose -2*g = -0*g - v. Suppose 0 = 5*k + 3*h - 23, h + 11 = 4*k - g*h. What is the units digit of k?
4
Let k(y) = y**2 - 4*y + 1. Let i be k(5). Let o(n) = n + 7. What is the tens digit of o(i)?
1
Let j(h) = 3 - 2*h + 5*h - 5. What is the units digit of j(3)?
7
Let s = -2 - -1. Let c(h) = -h**2 - 1. Let j(y) = 10*y**2 + y + 5. Let g(z) = 5*c(z) + j(z). What is the units digit of g(s)?
4
Let a(b) = -b - 8. Let h(p) = p + 7. Let m(q) = 2*a(q) + 3*h(q). What is the units digit of m(7)?
2
Let s be 18/4*(-12)/(-9). Let h = s + 3. What is the units digit of h?
9
Suppose f + t - 13 = -2*t, 4 = -2*t. What is the tens digit of f?
1
Suppose 4*z - 3*z - 2*f = 28, f - 1 = 0. What is the units digit of z?
0
Let k = -4 - -6. Suppose 3 = 5*l - k. Let g = 5 - l. What is the units digit of g?
4
Suppose 2*c + 3*c + 115 = 0. Let l = -16 - c. Let m = 4 + l. What is the tens digit of m?
1
Suppose -4 = 2*m - 14. Suppose -m*c = -3 - 97. Suppose 0 = -4*k + c + 8. What is the units digit of k?
7
Let l(k) = -8*k - 16. What is the tens digit of l(-8)?
4
Let p(t) = 4*t - 25. What is the units digit of p(8)?
7
Let j = 9 - 14. Let h = j - -14. What is the units digit of h?
9
Suppose 0 = 5*m - 138 - 142. What is the tens digit of m?
5
Suppose -o = 3*o + 3*m - 10, -4*m = o + 4. Suppose -2*s - 7*z + 2*z - 4 = 0, -3*s + o = 5*z. Let v(l) = l**2 - 7*l - 1. What is the units digit of v(s)?
7
Suppose -5*g - 2*r + 0*r = -82, -r = 4. What is the units digit of g?
8
Let p(s) = 5*s**2 + 4*s**2 + 3*s**2. What is the units digit of p(1)?
2
Suppose 3*u - 3 = -r, -4*r = -4*u - 65 + 5. What is the units digit of (-3)/(0 - r/152)?
8
Let q(o) = -o**2 + 12*o - 13. What is the units digit of q(9)?
4
Let j = 0 - -2. Suppose -3 + 21 = 2*a - j*v, 0 = -5*a + 4*v + 42. Suppose -h = -4*h + a. What is the units digit of h?
2
Suppose -6*q + q + 5 = 4*a, 3*q = -9. Suppose -t + a = -0*t. Let c = t - -1. What is the units digit of c?
6
Suppose 1004 = 4*b + 376. What is the tens digit of b?
5
Suppose 3*x - 2*x = 41. Let y be 2/7 - 396/14. Let z = x + y. What is the units digit of z?
3
Let n be -18*2*9/12. Let f = n + 39. What is the units digit of f?
2
Suppose -8*d + 9*d = 0. Suppose -4*m + 88 = -d*m. What is the units digit of m?
2
Let o = -3 + 16. Suppose 32 + o = 3*m. What is the tens digit of m?
1
Let t = 92 + -54. What is the units digit of t?
8
Let i(a) = -a. Let h be i(-5). Suppose 0 = -5*t - h*f + 125, -4*t - 3*f = -0*f - 99. What is the tens digit of t?
2
Let c be (0 + 3)/((-6)/(-4)). Let u = c - -4. What is the units digit of u?
6
Suppose -4*r = -5*y + 36, 4*y + y = -r + 16. Suppose -3*c + 2*k = -c - 16, 0 = -y*k - 8. What is the units digit of c?
6
What is the units digit of 23 + (-4 - (-4 + 3))?
0
Let t = 32 - -48. Let k(l) = -l**3 - 7*l**2 - 5*l - 13. Let q be k(-7). What is the units digit of 4/q + t/44?
2
Suppose 5*s = -y - 2*y + 19, -2*y + s = -4. Suppose y*c - 19 = 2*c. Let d = c + -12. What is the units digit of d?
7
What is the tens digit of (-4)/(-6)*2700/24?
7
Let z(g) = 9*g + 2. Let l be z(-4). Let m = l + 58. What is the units digit of m?
4
What is the units digit of ((-13)/5)/(1/(-35))?
1
Let r(u) = -9*u - 18. What is the tens digit of r(-14)?
0
Let w(f) = -f**2 + 5*f + 1. Let u = 15 + -10. Let s be w(u). What is the tens digit of s/(-2) - (-125)/10?
1
What is the tens digit of ((-12)/9*10)/(2/(-6))?
4
Suppose -8 - 4 = -3*l. Suppose -x = -l*q - 21, 12 = 3*x - x + 2*q. What is the units digit of x?
9
Suppose 3*y = -9, -3*v + y = -y - 12. Suppose -v*q + 101 + 68 = 5*n, -3*q - 126 = -4*n. What is the units digit of n?
3
Let r = 14 + -9. Suppose -d - 3*k + k = -6, k - 30 = -r*d. What is the units digit of d?
6
Let u = -5 - -8. Suppose 44 = -u*m + 7*m. What is the units digit of m?
1
Suppose -3*m = -3*b - 45, 2*b + 34 = 3*m - 6. What is the tens digit of m?
1
Suppose 43 + 52 = 5*i. What is the tens digit of i?
1
Let w be (-259)/(-2) - 5/(-10). Suppose -4*q - 18 + w = 0. What is the units digit of q?
8
Let j(o) = -4*o + 3. Let g be j(-8). Let z = -16 + g. What is the tens digit of z?
1
Let w = 63 - 33. Suppose 3*l - 8*l = -w. What is the units digit of l?
6
Let j be 4/2 - 4 - -6. Suppose j*v + 2 = 5*v. Suppose n - q - 1 + v = 0, 5*q - 10 = 0. What is the units digit of n?
1
Suppose 5*m - 4*m - 2 = 0. Suppose -4*c = -c. Let g = m + c. What is the units digit of g?
2
Let k = 105 - -23. What is the tens digit of k?
2
Let s(z) = -z**3 - z**2 + 22. Let o be s(0). Let y = o - -4. What is the tens digit of y?
2
Suppose 3*w + 8 = 5*w. Suppose 0 = -w*i - 4*x + 32, -3*x + 5 = -1. What is the units digit of i?
6
Let y = 70 - 48. What is the tens digit of y?
2
Let r = 55 + -25. What is the tens digit of r?
3
Let z(d) = -3*d + 0*d**2 - 2*d**2 - 2 + d - d**3 + 0*d**2. Let m be z(-2). Let q = m + 3. What is the units digit of q?
5
Suppose 2*p + p - 111 = 0. What is the tens digit of p?
3
What is the units digit of (-104)/(-65)*(-10)/(-4)?
4
Suppose 0 = 4*u - 27 + 7. Suppose 0 = 4*g - m + u - 13, -4*g = -4*m - 8. Suppose 5 = 3*d - t, t - 9 = d - g*t. What is the units digit of d?
3
Suppose 0 = -9*i + 12*i - 123. What is the units digit of i?
1
Let j = 16 - 11. Suppose -2*k = 2*y + 2*k +